1 (base 3) to base 8
-155
1 (base 14) to base 5
1
Convert -85 (base 12) to base 4.
-1211
-125 (base 6) to base 14
-3b
What is -24 (base 9) in base 13?
-19
Convert 144 (base 7) to base 16.
51
Convert 6 (base 7) to base 12.
6
Convert 3 (base 16) to base 12.
3
2 (base 7) to base 11
2
What is -21 (base 4) in base 2?
-1001
Convert -31 (base 6) to base 11.
-18
What is -14 (base 9) in base 5?
-23
What is 1 (base 15) in base 5?
1
d2 (base 16) to base 7
420
What is -3d (base 15) in base 5?
-213
Convert 4 (base 7) to base 12.
4
-14 (base 13) to base 16
-11
Convert 10 (base 8) to base 10.
8
What is 1020 (base 4) in base 16?
48
What is 2 (base 7) in base 3?
2
d (base 14) to base 4
31
0 (base 13) to base 8
0
What is 1 (base 12) in base 10?
1
Convert 6 (base 9) to base 10.
6
-100 (base 4) to base 10
-16
-3 (base 4) to base 8
-3
What is -3 (base 10) in base 5?
-3
1123 (base 4) to base 8
133
-101100 (base 2) to base 13
-35
What is 1000000 (base 2) in base 11?
59
13 (base 13) to base 12
14
-13 (base 7) to base 13
-a
What is -130 (base 8) in base 13?
-6a
What is 524 (base 6) in base 12?
144
What is -4 (base 9) in base 11?
-4
-21 (base 4) to base 10
-9
What is 7 (base 16) in base 12?
7
Convert 16 (base 14) to base 5.
40
What is -443 (base 7) in base 3?
-22102
-25 (base 11) to base 5
-102
Convert 3 (base 16) to base 5.
3
-58 (base 12) to base 13
-53
Convert -17 (base 15) to base 12.
-1a
10 (base 7) to base 16
7
Convert -a5 (base 16) to base 12.
-119
-2 (base 11) to base 12
-2
-4 (base 6) to base 10
-4
What is -3 (base 10) in base 16?
-3
What is 1011 (base 2) in base 6?
15
Convert -7 (base 8) to base 2.
-111
Convert -6 (base 12) to base 10.
-6
2033 (base 4) to base 13
b0
-10 (base 8) to base 3
-22
Convert -3 (base 11) to base 12.
-3
7a (base 14) to base 11
99
What is -100100 (base 2) in base 4?
-210
Convert 32 (base 8) to base 7.
35
What is -cc (base 16) in base 12?
-150
What is 11 (base 14) in base 3?
120
200 (base 4) to base 3
1012
What is -1 (base 16) in base 6?
-1
What is -2 (base 7) in base 4?
-2
-5a (base 16) to base 15
-60
What is 1 (base 11) in base 16?
1
Convert 0 (base 3) to base 4.
0
Convert -51 (base 11) to base 12.
-48
Convert 1011111 (base 2) to base 10.
95
Convert -a7 (base 14) to base 16.
-93
What is -1 (base 7) in base 16?
-1
2 (base 6) to base 8
2
-39 (base 16) to base 4
-321
What is 22 (base 9) in base 11?
19
What is 12 (base 6) in base 3?
22
Convert 50 (base 10) to base 5.
200
5 (base 6) to base 13
5
Convert -a (base 11) to base 2.
-1010
-a (base 15) to base 2
-1010
Convert -231 (base 5) to base 6.
-150
What is 2 (base 14) in base 11?
2
What is 4 (base 15) in base 2?
100
What is 1422 (base 5) in base 16?
ed
What is -1000 (base 2) in base 11?
-8
-4 (base 6) to base 5
-4
What is -54 (base 9) in base 4?
-301
2 (base 11) to base 9
2
What is 1111000 (base 2) in base 6?
320
What is -7 (base 13) in base 6?
-11
What is -2 (base 11) in base 14?
-2
What is 1 (base 15) in base 16?
1
4c (base 13) to base 9
71
-28 (base 11) to base 16
-1e
-24 (base 14) to base 8
-40
Convert -4a (base 14) to base 11.
-60
-254 (base 6) to base 12
-8a
0 (base 12) to base 6
0
Convert -1 (base 8) to base 12.
-1
3 (base 6) to base 13
3
Convert -3100 (base 4) to base 14.
-10c
What is 2110 (base 3) in base 13?
51
What is 0 (base 16) in base 14?
0
240 (base 6) to base 8
140
Convert -2 (base 13) to base 2.
-10
100 (base 2) to base 8
4
Convert 2 (base 6) to base 8.
2
2 (base 8) to base 9
2
Convert -1 (base 8) to base 5.
-1
What is 0 (base 12) in base 8?
0
2 (base 4) to base 15
2
What is 2 (base 13) in base 7?
2
0 (base 10) to base 4
0
Convert 2 (base 9) to base 14.
2
What is 3 (base 13) in base 7?
3
What is -3 (base 12) in base 8?
-3
What is -2 (base 9) in base 5?
-2
-23 (base 12) to base 9
-30
What is a (base 16) in base 3?
101
-1211 (base 3) to base 10
-49
Convert -10111001 (base 2) to base 6.
-505
Convert -5 (base 9) to base 5.
-10
What is -2 (base 4) in base 10?
-2
What is 0 (base 14) in base 7?
0
-311 (base 4) to base 16
-35
-1112 (base 3) to base 4
-221
Convert -1 (base 4) to base 15.
-1
What is -10 (base 3) in base 8?
-3
What is -3 (base 4) in base 6?
-3
What is b (base 12) in base 3?
102
What is 244 (base 6) in base 12?
84
1a (base 15) to base 6
41
What is -48 (base 16) in base 13?
-57
-1 (base 11) to base 2
-1
What is -19 (base 14) in base 2?
-10111
What is -210 (base 4) in base 11?
-33
What is -6 (base 7) in base 12?
-6
44 (base 9) to base 16
28
What is 10113 (base 4) in base 6?
1143
Convert 7 (base 8) to base 11.
7
-110010 (base 2) to base 4
-302
What is 113 (base 4) in base 5?
43
What is 16 (base 13) in base 14?
15
What is -16 (base 8) in base 6?
-22
-42 (base 9) to base 16
-26
14 (base 8) to base 10
12
What is -11 (base 7) in base 15?
-8
Convert 0 (base 5) to base 2.
0
5 (base 13) to base 2
101
Convert -40 (base 5) to base 4.
-110
23 (base 5) to base 12
11
Convert -aa (base 13) to base 7.
-260
What is 1c (base 15) in base 5?
102
What is 3 (base 13) in base 12?
3
What is 4 (base 15) in base 11?
4
Convert -a2 (base 11) to base 16.
-70
What is -1114 (base 7) in base 10?
-403
What is a (base 12) in base 10?
10
What is c (base 13) in base 6?
20
What is a3 (base 15) in base 8?
231
Convert 16 (base 16) to base 13.
19
What is 11a (base 12) in base 11?
141
What is -103 (base 6) in base 9?
-43
Convert -21 (base 8) to base 14.
-13
3 (base 11) to base 3
10
What is -1 (base 4) in base 15?
-1
-1b (base 13) to base 11
-22
Convert -1 (base 16) to base 13.
-1
-13 (base 9) to base 2
-1100
What is 223 (base 4) in base 14?
31
-1001 (base 2) to base 5
-14
Convert -41 (base 10) to base 8.
-51
-132 (base 14) to base 16
-f0
-63 (base 15) to base 10
-93
-c9 (base 15) to base 6
-513
0 (base 10) to base 3
0
What is 3 (base 11) in base 14?
3
-123 (base 4) to base 6
-43
-7 (base 13) to base 10
-7
What is 7a (base 11) in base 8?
127
Convert -100 (base 4) to base 6.
-24
What is 125 (base 6) in base 11?
49
Convert -4 (base 10) to base 3.
-11
What is -20 (base 10) in base 3?
-202
-4 (base 14) to base 7
-4
1 (base 9) to base 5
1
-39 (base 11) to base 13
-33
What is 5 (base 14) in base 7?
5
-14d (base 16) to base 14
-19b
What is -4 (base 10) in base 15?
-4
What is -5 (base 16) in base 5?
-10
6 (base 12) to base 6
10
What is -12 (base 7) in base 9?
-10
What is -2113 (base 4) in base 3?
-12121
What is -3 (base 11) in base 10?
-3
Convert -3 (base 8) to base 5.
-3
Convert d5 (base 16) to base 11.
184
-2 (base 15) to base 13
-2
What is 22 (base 10) in base 4?
112
122 (base 5) to base 13
2b
-101 (base 2) to base 7
-5
-41 (base 5) to base 15
-16
0 (base 12) to base 7
0
Convert 5c (base 15) to base 9.
106
33 (base 11) to base 3
1100
What is 6 (base 12) in base 2?
110
What is 112 (base 5) in base 9?
35
10 (base 5) to base 2
101
What is 10 (base 3) in base 13?
3
Convert 48 (base 12) to base 13.
44
Convert 111 (base 2) to base 13.
7
3 (base 15) to base 6
3
10 (base 2) to base 3
2
Convert -5 (base 6) to base 4.
-11
1a (base 13) to base 6
35
Convert 2 (base 13) to base 6.
2
122 (base 5) to base 6
101
What is -1211 (base 3) in base 13?
-3a
What is 38 (base 16) in base 8?
70
4 (base 8) to base 5
4
3c (base 13) to base 6
123
What is 111 (base 2) in base 10?
7
What is -21 (base 3) in base 7?
-10
Convert 10 (base 15) to base 6.
23
-10 (base 10) to base 8
-12
-6e (base 15) to base 6
-252
What is -34 (base 12) in base 10?
-40
124 (base 13) to base 7
403
3 (base 8) to base 4
3
Convert 96 (base 13) to base 11.
102
23 (base 16) to base 3
1022
Convert 12 (base 6) to base 8.
10
-4 (base 12) to base 8
-4
What is 11 (base 8) in base 13?
9
Convert -2 (base 11) to base 8.
-2
What is -12 (base 6) in base 11?
-8
1 (base 10) to base 13
1
Convert -1 (base 13) to base 10.
-1
-a2 (base 12) to base 10
-122
-10 (base 6) to base 15
-6
What is 2 (base 12) in base 15?
2
6 (base 14) to base 7
6
Convert -2 (base 12) to base 9.
-2
What is 35 (base 7) in base 6?
42
Convert -40 (base 10) to base 4.
-220
-3 (base 6) to base 2
-11
What is -88 (base 15) in base 12?
-a8
What is 1310 (base 5) in base 11?
177
What is 0 (base 2) in base 15?
0
What is -1 (base 2) in base 3?
-1
2 (base 7) to base 9
2
Convert 1112 (base 3) to base 10.
41
What is -1 (base 6) in base 7?
-1
1 (base 12) to base 14
1
-121 (base 4) to base 9
-27
What is -2 (base 4) in base 16?
